dreds digit of 2632?
6
What is the tens digit of 6275?
7
What is the units digit of 88?
8
What is the hundreds digit of 29298?
2
What is the tens digit of 403?
0
What is the hundreds digit of 29433?
4
What is the hundreds digit of 28125?
1
What is the units digit of 967?
7
What is the tens digit of 23961?
6
What is the units digit of 1507?
7
What is the thousands digit of 50771?
0
What is the tens digit of 10674?
7
What is the units digit of 415?
5
What is the units digit of 3048?
8
What is the hundreds digit of 3129?
1
What is the units digit of 19971?
1
What is the hundreds digit of 9863?
8
What is the hundreds digit of 4471?
4
What is the thousands digit of 5476?
5
What is the hundreds digit of 482?
4
What is the units digit of 58?
8
What is the units digit of 96648?
8
What is the tens digit of 6646?
4
What is the hundreds digit of 22153?
1
What is the tens digit of 46?
4
What is the units digit of 7389?
9
What is the hundreds digit of 1881?
8
What is the tens digit of 13791?
9
What is the thousands digit of 7717?
7
What is the hundreds digit of 3409?
4
What is the ten thousands digit of 13923?
1
What is the ten thousands digit of 18833?
1
What is the tens digit of 4255?
5
What is the units digit of 21011?
1
What is the thousands digit of 1265?
1
What is the tens digit of 2964?
6
What is the tens digit of 2589?
8
What is the tens digit of 1227?
2
What is the units digit of 565?
5
What is the thousands digit of 3000?
3
What is the thousands digit of 4785?
4
What is the tens digit of 2908?
0
What is the units digit of 38840?
0
What is the hundreds digit of 653?
6
What is the units digit of 1239?
9
What is the tens digit of 10695?
9
What is the units digit of 551?
1
What is the thousands digit of 18098?
8
What is the thousands digit of 1965?
1
What is the ten thousands digit of 10648?
1
What is the ten thousands digit of 78025?
7
What is the tens digit of 5031?
3
What is the tens digit of 692?
9
What is the tens digit of 45141?
4
What is the hundreds digit of 557?
5
What is the units digit of 6351?
1
What is the tens digit of 1531?
3
What is the tens digit of 30342?
4
What is the units digit of 453?
3
What is the tens digit of 1135?
3
What is the units digit of 1349?
9
What is the units digit of 6122?
2
What is the tens digit of 395?
9
What is the tens digit of 1141?
4
What is the units digit of 941?
1
What is the hundreds digit of 684?
6
What is the tens digit of 88051?
5
What is the units digit of 19531?
1
What is the hundreds digit of 2213?
2
What is the thousands digit of 62131?
2
What is the hundreds digit of 172?
1
What is the units digit of 175570?
0
What is the thousands digit of 41675?
1
What is the units digit of 3737?
7
What is the hundreds digit of 248?
2
What is the thousands digit of 3215?
3
What is the units digit of 7756?
6
What is the hundreds digit of 1150?
1
What is the thousands digit of 8406?
8
What is the units digit of 668?
8
What is the units digit of 1427?
7
What is the tens digit of 920?
2
What is the thousands digit of 1853?
1
What is the units digit of 10601?
1
What is the thousands digit of 6468?
6
What is the tens digit of 95924?
2
What is the ten thousands digit of 25109?
2
What is the thousands digit of 3797?
3
What is the hundreds digit of 6729?
7
What is the tens digit of 2070?
7
What is the ten thousands digit of 70752?
7
What is the thousands digit of 49345?
9
What is the tens digit of 725?
2
What is the tens digit of 4624?
2
What is the ten thousands digit of 24271?
2
What is the hundreds digit of 1285?
2
What is the hundreds digit of 5153?
1
What is the thousands digit of 17743?
7
What is the ten thousands digit of 11938?
1
What is the units digit of 10434?
4
What is the tens digit of 1387?
8
What is the units digit of 445?
5
What is the tens digit of 2509?
0
What is the hundred thousands digit of 154783?
1
What is the hundreds digit of 3332?
3
What is the units digit of 1813?
3
What is the hundreds digit of 1135?
1
What is the tens digit of 15120?
2
What is the hundreds digit of 2964?
9
What is the tens digit of 658?
5
What is the units digit of 480?
0
What is the ten thousands digit of 53813?
5
What is the hundreds digit of 4004?
0
What is the thousands digit of 15120?
5
What is the hundreds digit of 2442?
4
What is the thousands digit of 2060?
2
What is the units digit of 293?
3
What is the units digit of 1617?
7
What is the hundreds digit of 1254?
2
What is the tens digit of 5160?
6
What is the units digit of 120759?
9
What is the units digit of 998?
8
What is the hundreds digit of 750?
7
What is the hundreds digit of 1328?
3
What is the units digit of 1323?
3
What is the thousands digit of 8819?
8
What is the units digit of 2207?
7
What is the units digit of 2992?
2
What is the thousands digit of 8728?
8
What is the tens digit of 1854?
5
What is the thousands digit of 25914?
5
What is the hundreds digit of 9005?
0
What is the units digit of 27675?
5
What is the units digit of 7566?
6
What is the thousands digit of 4824?
4
What is the hundreds digit of 1536?
5
What is the thousands digit of 4665?
4
What is the tens digit of 10157?
5
What is the thousands digit of 1698?
1
What is the hundreds digit of 611?
6
What is the units digit of 1393?
3
What is the hundreds digit of 52544?
5
What is the hundreds digit of 2894?
8
What is the tens digit of 12102?
0
What is the thousands digit of 38027?
8
What is the thousands digit of 11283?
1
What is the units digit of 18634?
4
What is the hundreds digit of 21491?
4
What is the tens digit of 5027?
2
What is the tens digit of 54362?
6
What is the thousands digit of 9726?
9
What is the hundreds digit of 53569?
5
What is the hundreds digit of 27506?
5
What is the thousands digit of 69632?
9
What is the units digit of 37419?
9
What is the thousands digit of 1315?
1
What is the units digit of 480?
0
What is the tens digit of 4974?
7
What is the units digit of 687?
7
What is the tens digit of 5292?
9
What is the units digit of 4750?
0
What is the tens digit of 9315?
1
What is the hundred thousands digit of 115712?
1
What is the hundreds digit of 742?
7
What is the units digit of 1978?
8
What is the units digit of 5367?
7
What is the units digit of 99089?
9
What is the thousands digit of 57827?
7
What is the hundreds digit of 65177?
1
What is the thousands digit of 1207?
1
What is the units digit of 5321?
1
What is the tens digit of 861?
6
What is the units digit of 1170?
0
What is the hundreds digit of 80633?
6
What is the thousands digit of 1968?
1
What is the thousands digit of 14775?
4
What is the hundreds digit of 3078?
0
What is the units digit of 2538?
8
What is the tens digit of 7533?
3
What is the hundreds digit of 824?
8
What is the hundreds digit of 79468?
4
What is the thousands digit of 9701?
9
What is the ten thousands digit of 67134?
6
What is the units digit of 17889?
9
What is the hundreds digit of 448?
4
What is the hundreds digit of 4381?
3
What is the units digit of 906?
6
What is the units digit of 17028?
8
What is the units digit of 43305?
5
What is the hundreds digit of 238?
2
What is the thousands digit of 1147?
1
What is the hundreds digit of 18224?
2
What is the units digit of 4002?
2
What is the tens digit of 7600?
0
What is the units digit of 7103?
3
What is the hundreds digit of 17125?
1
What is the thousands digit of 79333?
9
What is the hundreds digit of 4323?
3
What is the ten thousands digit of 27344?
2
What is the units digit of 13738?
8
What is the units digit of 25325?
5
What is the units digit of 74888?
8
What is the hundreds digit of 31099?
0
What is the tens digit of 410?
1
What is the tens digit of 5070?
7
What is the thousands digit of 105747?
5
What is the thousands digit of 2227?
2
What is the tens digit of 28675?
7
What is the thousands digit of 2670?
2
What is the tens digit of 3141?
4
What is the hundreds digit of 30121?
1
What is the tens digit of 691?
9
What is the hundreds digit of 205504?
5
What is the tens digit of 68234?
3
What is the tens digit of 20338?
3
What is the tens digit of 1230?
3
What is the thousands digit of 3851?
3
What is the hundreds digit of 5464?
4
What is the thousands digit of 76581?
6
What is the tens digit of 18074?
7
What is the ten thousands digit of 171193?
7
What is the tens digit of 1309?
